a - 10 + c = 0. Is a composite?
True
Suppose 2*c + 1259 = p, -p + 3*c + 171 = -1090. Is p prime?
False
Suppose 0 = 3*b + 2*b. Let d be 3 + (203 - b) + 4. Let q = d + -107. Is q a prime number?
True
Let o(v) = v**3 - 9*v**2 + 20*v - 7. Let b be o(6). Suppose 7*g = b*g + 5866. Is g a prime number?
False
Let j(z) = -332*z**3 - 2*z**2 - 2*z - 17. Is j(-5) a composite number?
False
Suppose 4*u = 7*d - 3*d - 2672, 4*d - 2677 = 3*u. Is d a composite number?
False
Let x = -18 + -24. Let i = -20 - x. Is i a composite number?
True
Suppose 4*s - 39661 = 3*h, -4*s + 22048 = -4*h - 17616. Is s prime?
False
Suppose 4*l - 13595 - 15521 = 0. Is l composite?
True
Let t(o) = -o**2 + 4*o + 4. Let j be t(0). Suppose 4460 = j*s - 4*h, 2*s + 2*s - 2*h = 4460. Is s prime?
False
Let r = 6162 - 391. Is r a prime number?
False
Let w(y) be the third derivative of y**5/30 - 11*y**4/12 + 37*y**3/6 + 27*y**2. Is w(22) composite?
False
Let t be 3/(-2) + 2/4. Is 4/t - (9 + -1052) a prime number?
True
Suppose -m - 2 = -t + 1, -2*t - 3*m - 9 = 0. Suppose 3*l + 599 - 2222 = t. Is l a prime number?
True
Suppose 0 = -4*y - q + 5 + 5, 0 = -5*y + 5*q. Suppose -y*n + 642 = n. Is n a prime number?
False
Let n = -207 - -1115. Suppose -3*o = o - n. Suppose -3*v = -o - 91. Is v a prime number?
False
Let f(a) = 19*a**2 - 8*a - 1. Let r = 33 - 25. Is f(r) a composite number?
False
Let r(x) = -2*x - 6. Let i = 16 - 21. Let t be r(i). Is 6/(-2) + 2504/t composite?
True
Suppose -5*q = 7*z - 93957, -4*q - 5*z + 75180 = -3*z. Is q composite?
False
Suppose -4*a = -12, 5*u = -a + 47 - 4. Suppose b - u - 103 = 0. Is b a composite number?
True
Let a(r) = 3247*r + 3. Let q be a(2). Suppose 4*o - q = -325. Is o composite?
False
Suppose 2*g + 29 = -23. Let r = 29 - g. Is (r + -2)*(-3 + 6) composite?
True
Suppose p - 10 = 6*p. Let o(f) = -f**2 + 14*f - 29. Let s be o(11). Is (p/(-6))/(s/3684) a prime number?
True
Suppose -6*x + 4*x = 68. Let m = x + 119. Is m prime?
False
Suppose 2*u = 12 + 14. Let h(n) = -n**2 + 15*n + 13. Let g be h(u). Suppose -w + 196 = -g. Is w prime?
False
Let p be ((-74)/6)/(2/6). Suppose -r + 2 = 4, 0 = -2*b + 2*r + 4. Is (b - (3 - 2))*p composite?
False
Let b = 13 - 8. Suppose -2*u + 1085 = 3*u - i, -2*u + 434 = -b*i. Let c = -98 + u. Is c a composite number?
True
Let f = -11 - -13. Suppose 0 = -l - 0*l - f, -5*l - 8 = -2*q. Is -118*q/((-8)/(-4)) composite?
False
Suppose 0 = -45*j + 40*j + 60. Suppose -3*b - 2781 = -j*b. Is b prime?
False
Let v(a) = -a**3 + 20*a**2 + 2*a - 20. Let q be v(20). Is ((-3802)/(-10))/((8/q)/2) a composite number?
False
Suppose 5346 + 62536 = 5*x + o, -2*x = -3*o - 27163. Is x a composite number?
False
Let d = 18948 + 4909. Is d composite?
False
Let n(u) = -35*u - 11*u + 23 + 8*u. Is n(-6) composite?
False
Let v(h) = -45*h + 41. Is v(-2) composite?
False
Suppose 0 = -l - 2, 5*q - 3*q = -5*l + 492. Suppose s = -2*z + q + 1, -2*z + 3*s + 268 = 0. Let y = 305 - z. Is y a composite number?
True
Let l(n) = 68*n**2 + 4*n + 3. Let f be l(-4). Let g = 1846 - f. Is g a prime number?
False
Let y(s) = -45*s**2 + 8. Suppose 0 = a - 2*w + 10 - 2, -5*w = a - 6. Let o be y(a). Let f = -395 - o. Is f composite?
False
Is 412884/48 + (-15)/(-12) a composite number?
True
Suppose -3*o + 2 = -5*o. Let i(g) = 2*g + g**2 + 1 - 353*g**3 - 188*g**3 + 0*g. Is i(o) a composite number?
False
Suppose -3*i + 10301 = -5*n, -n + 4*n = 2*i - 6868. Is i a composite number?
True
Let k(q) be the third derivative of 32*q**5/15 + q**4/24 - q**2. Let a(y) = y**3 + 7*y**2 - 3*y - 22. Let w be a(-7). Is k(w) prime?
True
Suppose -5*v - 3 = d - 1, d + 2*v = -5. Is d/49*-2 + (-1970)/(-14) composite?
True
Is 6 - (3 - 46808) - (3 - -1) prime?
True
Let a = -29 - -29. Suppose a = -5*m - 5*z + 220, 3 = 2*z + 1. Suppose -s = -0*s - m. Is s a composite number?
False
Suppose 3*l - o - 22674 = 0, -5*l - o + 24566 + 13232 = 0. Is l a composite number?
False
Suppose -1295 = -11*k + 498. Is k a composite number?
False
Let u(n) = 52*n**2 + 41*n + 3. Is u(8) a composite number?
False
Suppose -4*j = t - 3229, -3*t + j - 49 = -9788. Suppose 5*g - t - 720 = 0. Is g prime?
False
Let n be 16/24 + -3 + (-22026)/(-9). Let u = n - 1390. Is u composite?
True
Let v be -3*(-2)/12 - (-7)/2. Suppose -q = z - 883, -3*q + v*z = -4*q + 895. Is q composite?
True
Suppose 0*m = m - 310. Let t be -4 + 2 + -1 + 144. Let h = m - t. Is h prime?
False
Let b(g) = 268*g - 8. Let m(d) = 89*d - 3. Let f(q) = 3*b(q) - 10*m(q). Let w be f(-3). Let k = w - 185. Is k a composite number?
False
Suppose -g + 3*g - 64 = 0. Let h = g - -77. Suppose 2*d = -x + h, 88 + 65 = 3*d - 2*x. Is d composite?
False
Let z(t) = 4*t - 20. Let u be z(5). Let a(f) = -4*f + 159. Is a(u) a prime number?
False
Let s = 30800 - 14305. Is s prime?
False
Let x = 387 + -677. Let l = -990 - x. Let w = 1046 + l. Is w a prime number?
False
Let p(w) = 2*w**2 - 3*w. Let b be p(2). Suppose 2*x - b = x. Suppose -537 = -x*j + 77. Is j a prime number?
True
Let w(g) be the second derivative of 8*g**3/3 - 3*g**2/2 - 23*g. Is w(10) a composite number?
False
Let w be 4/(10 - 2)*0. Suppose d - 44 = -w*d. Let c = 79 + d. Is c prime?
False
Let k be (0 + 0)/(6 - 5 - -1). Let h(x) = x + 191. Is h(k) prime?
True
Let z = 10334 + -331. Is z a composite number?
True
Suppose -3*q = 2*q - 10, 4*l = 4*q + 628. Suppose -l = -3*g - 6. Is g a prime number?
False
Let r(i) = 10*i**2 - 4*i + 4. Let h be ((-9)/15)/((-7)/35). Is r(h) a prime number?
False
Let s = 5 + 19. Let c be s/(-9)*(-9)/6. Suppose 3*l - 76 = -4*x, -38 = -5*x - c*l + 56. Is x prime?
False
Suppose 83*z = 1664560 + 1753878. Is z prime?
False
Suppose 5236 = 3*l - 30785. Is l composite?
False
Let a = 335 - 167. Suppose s - a = 86. Is s composite?
True
Let l(y) = y**2 - 8*y - 7. Let o be l(9). Is (8 - -119) + o*1 a prime number?
False
Let g(t) = t**3 + 17*t**2 + t + 12. Let i be g(-10). Let w = i - 271. Is w composite?
False
Let d(l) = 2*l**3 - 39*l**2 - 72*l + 102. Is d(32) composite?
True
Let c = 108 + -26. Suppose -c + 9 = -5*v + 3*l, -3*l - 3 = 0. Is v a composite number?
True
Suppose -6 = 2*s + 3*g, -5 - 1 = -s + 3*g. Suppose 3*u + 48 = -s*u. Is ((-993)/(-12))/((-4)/u) composite?
False
Suppose 3*f + 12 = 0, -2*f = 5*o + 5 + 3. Let z = o - -10. Let g(m) = 2*m**2 - 12*m - 1. Is g(z) prime?
True
Is 3310*(-1 + 18/12) a composite number?
True
Let o(k) = k**3 + 9*k**2 + 7*k - 9. Let m be o(-8). Is 13*m*-1*(3 + -2) a composite number?
False
Let l be ((-9)/(-3))/((-3)/(-10)). Let x(i) = -i**2 + 10*i + 2. Let m be x(l). Suppose -654 = -2*h + 4*w, 0*w + w = m*h - 657. Is h prime?
False
Suppose 10*u - 3159 = 18991. Is u prime?
False
Let f(w) be the third derivative of 0 + 73/15*w**5 + 0*w + 1/2*w**3 + 9*w**2 + 1/6*w**4. Is f(-2) composite?
False
Suppose i - 16698 = 5*s, 2*s + 8637 = -2*i + 41973. Is i a composite number?
False
Suppose 0 = g + 5*y - 27157, 2*g + 5*y - 44615 = 9719. Is g a composite number?
True
Suppose 2*w - 80 = 86. Is w/(110/35 + -3) a composite number?
True
Let v(x) = 15 + x - 6 + 3. Let o be v(-9). Suppose -f + 340 = o*f. Is f prime?
False
Let g = -2953 + 4856. Is g a composite number?
True
Is -3 + -1 + 0 + 7683 + 2 prime?
True
Let o(x) = 10*x**3 - 3*x**2 + 2*x - 3. Let c be (-1 - 0) + 0 - -3. Let d be o(c). Let z = -2 + d. Is z a prime number?
True
Let q be 10/15*-1*(-23 - 1). Is -4*(-2404)/q - 2 a composite number?
False
Let m = 33537 + -10420. Is m a prime number?
True
Let x be (-1)/(-2) + 1/(-2). Let u be (-14)/(-6) + (-22)/(-33). Suppose x*s - 267 = -u*s. Is s composite?
False
Let a(z) = -2685*z + 16. Let k be a(4). Is (7/2)/((-14)/k) composite?
True
Let w(m) = m**3 - 18*m**2 + 18*m - 15. Let d be w(17). Suppose d*v - 119 = 3*p + 152, 3*p + 673 = 5*v. Is v a composite number?
True
Let d be ((-106)/53)/(1/(-5)). Let f = -295 - -657. Suppose -8*m = -d*m + f. Is m prime?
True
Let v(r) = -58*r + 2. Suppose 2*q - 22 = 4*c, 2*c - 4*c = 3*q - 9. Let w be v(q). Let h = w + 489. Is h prime?
False
Suppose 5*s - 84724 = -5*x - 28449, -5*s = -20. Is x composite?
False
Suppose 0 = -3*m + 4*h + 3833, 9*m + 2*h - 6345 = 4*m. Is m a prime number?
False
Suppose 4*t - 2*o - 13 = 33, 9 = -3*o. Let d be (346/(-5))/((-1)/t). Let c = 1229 - d. Is c a prime number?
False
Let y(g) = g + 2. Let w be y(0). Suppose -5*l + 3*x + 106 = 0